hest common divisor of i and 6.
2
Suppose -q = -2*q + 154. Calculate the greatest common factor of q and 385.
77
Suppose 0 = 35*d - 30*d - 1325. Let x be -5 + d/55 + (-862)/(-22). What is the greatest common factor of x and 429?
39
Let u = 282 + -492. Let t = 294 + u. What is the highest common factor of t and 12?
12
Let x = 1090 + -1075. Calculate the highest common factor of x and 285.
15
Suppose 4*t = -5*s + 24, -3*t + 5*s + 12 = -6. Let m be 28/t*(-36)/(-6). Let f be m/35 - (-112)/10. What is the greatest common divisor of 24 and f?
12
Let t = -1371 - -2230. Suppose 4*a - 139 = -t. Let u be ((-20)/50)/(1/a). What is the greatest common divisor of u and 18?
18
Suppose -25 = 2*p - 29. Suppose -p*i = -38 - 40. Calculate the highest common divisor of i and 52.
13
Let j(q) = q**2 + 8*q + 7. Let m be 2 + 5/5*-10. Let r be j(m). Suppose 12*c - r*c - 175 = 0. What is the highest common divisor of c and 5?
5
Suppose 0 = 3*z + 5*i - 241, -z + i + 103 - 28 = 0. Let k = z - 45. What is the greatest common factor of 80 and k?
16
Let b(l) = l**3 - 27*l**2 + 27*l - 22. Let z be b(26). Suppose y = -2*h + 7, -18 = 3*h - 6*h - z*y. Calculate the greatest common divisor of 34 and h.
2
Let z(t) = -t**2 - 53*t + 1031. Let g be z(-68). Let n(m) = -2*m**3 - 7*m**2 - 4*m - 7. Let d be n(-5). Calculate the highest common factor of d and g.
11
Suppose 3*q - 1069 = 11. Let v be (32/(-12))/(8/(-120)). What is the highest common divisor of v and q?
40
Suppose 10 = l - 0*l. Let f be (l/25)/(3/570). Let y = f - 36. What is the greatest common divisor of 4 and y?
4
Suppose -5*w = -5*s + 140, -137 = -4*s - 2*w + w. What is the highest common divisor of 9 and s?
3
Let k = -113 + 144. Calculate the highest common divisor of k and 217.
31
Let d = 18 + -13. Suppose d*b - b = 4*h - 20, -5*b - h - 55 = 0. Let g be (-129)/(-15) - 4/b. Calculate the greatest common factor of g and 36.
9
Let o = 278 - 251. What is the greatest common divisor of 3 and o?
3
Suppose -v + 2*v = 0. Suppose -5*y + 10 = v, 0 = 4*u - y - y - 32. Let p = 28 - -35. Calculate the highest common divisor of p and u.
9
Let b = 38 - 36. Suppose 0 = 3*i - 5 - 1, -16 = -3*w - 2*i. Suppose 4*n + w*l = 92, -b*l + 11 = n - 13. Calculate the greatest common divisor of 11 and n.
11
Let a(j) = 9 + 14 - j + 3*j + 33 - j**2. Let m be a(0). What is the greatest common divisor of m and 14?
14
Let n be 499 + -4 + (-1)/(-1). What is the greatest common factor of n and 48?
16
Suppose -4*i = -5*t + 1310, i + 298 + 739 = 4*t. What is the greatest common divisor of 1161 and t?
129
Let q(g) = -2*g**2 - 31*g - 6. Let y be q(-14). Suppose -4*s = 8, 2*s = -7*i + 2*i + y. What is the highest common factor of 32 and i?
8
Suppose b + 97 + 439 = 0. Let s be 36/270 + b/(-30). Calculate the highest common divisor of s and 6.
6
Suppose 234 = 5*y + 4*y. Suppose 0 = 4*f - 5*f + 286. What is the greatest common factor of f and y?
26
Suppose 22*k = 13*k + 198. Calculate the highest common factor of k and 1078.
22
Suppose 2*m = -4*k + 22, -2*k - k + 15 = m. Suppose l - 75 = -k*l. Calculate the highest common divisor of l and 3.
3
Let v(i) = -28*i - 124. Let z be v(-6). What is the greatest common divisor of 6 and z?
2
Let g(b) = -b**3 - 6*b**2 + 3*b + 1. Let r be g(-8). Let n = 1 - 0. Let k be n*32 - (-7)/(21/9). Calculate the greatest common factor of r and k.
35
Suppose 69*y = 64*y + 30. Let f be (-3)/(-4)*2 - (-165)/y. Calculate the greatest common divisor of 29 and f.
29
Suppose -19*v + 1150 = 10. Calculate the greatest common factor of 940 and v.
20
Let r be (-6)/(-10) + 2 + (-1536)/(-15). What is the highest common factor of 168 and r?
21
Let l(x) = -51*x**3 - x**2. Let q be l(-1). Suppose -c + 2 = r, 0 = 3*r + 2*r + c - 22. Suppose 0*m + q = r*m. Calculate the highest common divisor of 20 and m.
10
Let g(d) = d**3 + 4*d**2 + 2. Let t be g(-2). Let n be (13 + -1)*(-32)/(-48). Suppose -n*r + 20 = -4*r. What is the greatest common factor of t and r?
5
Let t(i) = -i**2 + 7*i - 7. Suppose 13*z - 17*z - 12 = 0. Let m be (-16)/(-3 + 1) + z. Let w be t(m). What is the greatest common factor of 3 and w?
3
Suppose 3*q = 4*j - j + 132, 2*q - 86 = j. Let v be (-564)/(-21) - (-6)/q. Calculate the highest common factor of 3 and v.
3
Suppose -3*j + 10 = 2*j. Suppose -3*b = -j*b - 2. Suppose -33 = 16*f - 98 + 33. Calculate the highest common factor of f and b.
2
Let p = -1210 - -2682. What is the highest common factor of p and 46?
46
Let w = 29 + -55. Let q = w + 38. Suppose l = 6*l + 5, -t - 4*l = -q. What is the highest common factor of 48 and t?
16
Let v(c) = 125*c - 4. Let i be v(1). Calculate the greatest common divisor of i and 11.
11
Suppose -3*s + 29 = -2*f, 0 = 17*f - 20*f + 15. Let c(b) = 3*b**2 + 6*b + 2. Let z be c(-4). Calculate the greatest common divisor of s and z.
13
Suppose -34 + 132 = 7*b. Suppose 0 = -b*z + 50 + 48. Calculate the highest common factor of 63 and z.
7
Suppose 0*d + 1248 = 13*d. What is the greatest common factor of 60 and d?
12
Let z be (-13)/((-52)/80)*13/2. Calculate the greatest common divisor of 160 and z.
10
Suppose -4*n + 10 = -2*n. Suppose -4668*w + 26 = -4655*w. What is the greatest common factor of w and n?
1
Let w(b) = b**2 - 8*b - 2. Let a be w(4). Let t(p) = -p**2 - 19*p - 5. Let k be t(a). What is the greatest common factor of 26 and k?
13
Let a = 85 - 79. What is the highest common divisor of 57 and a?
3
Let v be 10 + 1/(-5)*-35. What is the highest common factor of v and 323?
17
Let a be -1 + 1 + -35 - -4. Let p = -17 - a. What is the highest common factor of 42 and p?
14
Suppose 0*b = -2*b + 6. Suppose 3*a - 2 = 3*j - 8, -b*a + 9 = 0. Suppose t - 18 = g + 16, 4*g + 171 = j*t. Calculate the highest common divisor of t and 14.
7
Let k = -16 - -3. Let q = k + 24. Calculate the greatest common factor of q and 77.
11
Let q(y) = -y**2 + 12*y + 9. Let x be q(11). Suppose 0 = n - 50 - 170. Calculate the highest common divisor of x and n.
20
Let v be (-20)/12*(-1 - 20). Suppose 2*j - 8 = 2. Let k = j + 9. Calculate the highest common divisor of v and k.
7
Suppose -4*j - 7 = 5*g + 21, 4*g = j - 14. Let l = g - -9. Suppose l*n + 85 = 2*a + 2*a, 3*a = 3*n + 60. What is the greatest common divisor of 165 and a?
15
Suppose 0*g - 4*v + 62 = 5*g, 38 = 2*g - 5*v. Suppose -122 + g = -4*h. Calculate the greatest common divisor of h and 18.
9
Suppose -5*w - x = -20 + 95, -5*w - 5*x = 55. Let g = w - -10. Let f be (8/(-2))/(g/21). Calculate the highest common divisor of f and 42.
14
Suppose 5*b + 2*n - 15 = n, 2*n = -5*b + 15. Suppose -b*x - 2*p + 336 = -6*p, -4*x = -2*p - 448. What is the highest common divisor of 32 and x?
16
Let i = 1042 + -1034. What is the greatest common factor of i and 216?
8
Let p(j) = -j**3 + 8*j**2 - 9*j + 5. Let r be p(6). Let f(l) = -26*l - 393. Let i be f(-16). What is the greatest common factor of i and r?
23
Let l = 8 + -6. Let z(q) = 3 - 6 - 7*q + 1 + l*q**2. Let i be z(5). What is the highest common divisor of 26 and i?
13
Let n(q) = q**3 + 8*q**2 - 13*q - 13. Let l be n(-9). Let o(c) = 3*c**2 - 13*c - 7. Let z be o(6). What is the greatest common divisor of l and z?
23
Let w be -4 - -68 - ((-3)/1 + 0). Let u = 202 - w. What is the highest common factor of 15 and u?
15
Suppose -f = 5*r - 14 - 12, 5*r = 5*f + 20. Suppose 5*u - 2*u - 21 = 0. What is the greatest common divisor of u and f?
1
Let k = -63 - -66. Suppose -528 - 387 = -5*c - 5*m, -5*c + 931 = -k*m. Calculate the highest common divisor of c and 37.
37
Suppose -4*b + 39 = -3*t, 0 = -2*b - t + 3*t + 18. Suppose -b = -16*a + 12*a. Calculate the greatest common divisor of 15 and a.
3
Let b be (-2)/(-1) - (8 - 58). Suppose 14 - b = -2*o - 3*v, 5*v - 90 = -5*o. What is the highest common divisor of 64 and o?
16
Let g = 1259 - 1245. What is the greatest common divisor of 728 and g?
14
Let x be (-90)/(-6) - 8 - -89. What is the greatest common factor of x and 3?
3
Let a be (-47)/(-94) + 479/2. Calculate the highest common factor of a and 880.
80
Suppose 0 = -5*z + 5*i - 60, -2*z - 3*i = -0*z + 14. Let a = 28 + z. Calculate the greatest common factor of a and 126.
18
Let g = -66 + 76. What is the highest common divisor of 35 and g?
5
Suppose 19*t - 578 = 2*t. What is the greatest common divisor of 442 and t?
34
Suppose 3*m + 2*m = 10. L